se 5*v = 2*y + 10 + 9, -v - 7 = -4*y. Suppose 5*j - 365 = -5*g, y*j - 2 = 2*j. Calculate the remainder when g is divided by 19.
14
Suppose -167*v = -41062 - 166048 - 114866. What is the remainder when v is divided by 636?
20
Suppose -165 = 6*n - 177. Suppose 3*p + n*m - 158 = 0, 7*m = -4*p + 4*m + 211. What is the remainder when 197 is divided by p?
41
Suppose 0*h + 4*h = 3*y + 133, 5*h = -3*y + 200. Calculate the remainder when 449 is divided by h.
5
Suppose 6*f = 14*f + 280. Let h = f + -29. Let x = -27 - h. What is the remainder when 67 is divided by x?
30
Calculate the remainder when 4/((-273)/468*(-4)/42*1) is divided by 40.
32
Let r be 2/2*16*(13 + 2). Let a = r + -234. Calculate the remainder when 17 is divided by a.
5
Suppose -10*b - 1990 = -0*b. Let v = 301 + b. What is the remainder when v is divided by (-13 + 0)*-1*2?
24
Let v be (-10)/30 - 7/(-3). Suppose -v*j - 120 = -12*j. What is the remainder when 58 is divided by j?
10
Suppose -3*d + 2*d = 2*l - 16, 0 = -l - 3*d - 2. Suppose -l*m + 106 = 16. Calculate the remainder when 13 is divided by m.
4
Let q = -2409 - -2428. Let x(f) = 7*f + 31. What is the remainder when x(0) is divided by q?
12
Let l = 18328 + -18144. Calculate the remainder when 288 is divided by l.
104
Let j be 450/(-27)*24/(-16). Suppose -30*r = 2*v - j*r - 14, -5*v + 64 = -2*r. Let u(s) = -s - 1. What is the remainder when v is divided by u(-3)?
0
Let m be -7 - (-1528)/(0 + 8). Suppose 0 = -2*c - 5*s + 134 - 3, 3*c - m = 5*s. What is the remainder when 235 is divided by c?
46
Let v = 555 - 550. Suppose 8*s - 5*s - 4*n - 2152 = 0, -n = v*s - 3602. What is the remainder when s is divided by 38?
36
Let p = -8525 - -8768. What is the remainder when p is divided by 135?
108
Calculate the remainder when 208 is divided by -14 + 19 + (-705)/(2 + -7).
62
Suppose -36*a + 1568 = -32*a. Let y = a - 295. Calculate the remainder when y is divided by 46.
5
Let h(t) = 12*t + 32. Suppose 0 = 5*y - 95 - 25. Calculate the remainder when h(11) is divided by y.
20
Calculate the remainder when 47 is divided by 1*4*24*98/448.
5
Let n(t) = -2*t + 88. Suppose -17*z = -313 - 10. Suppose -h + 44 = 3*h. Calculate the remainder when n(z) is divided by h.
6
Let q be ((-8)/(-10))/(34/85). Suppose 0 = 2*z - q*x - 6, -5*z - 14 = -8*z + 2*x. Suppose 0 = z*s - s - 21. Calculate the remainder when 17 is divided by s.
2
Suppose -35 = 3*x - 8*x. Suppose -28*c + 2079 + 4100 = 943. Calculate the remainder when c is divided by x.
5
Calculate the remainder when 352/((-6)/(-6)) + 58/(-29) is divided by 86.
6
Let g(h) = -2*h**3 + 9*h**2 + 71*h - 20. Calculate the remainder when 1599 is divided by g(8).
99
Suppose -5*l = -150 + 610. Let j = 106 + l. Suppose 7*q - 56 = j. Calculate the remainder when 56 is divided by q.
6
Let s(o) = 19*o**2 + 12*o - 43. What is the remainder when s(-5) is divided by 54?
48
What is the remainder when (1/(10/15025))/(9/18) is divided by 9?
8
Let z = 33 - 31. Suppose -2*b - z*b = -t - 27, -3 = -b. Let l = t + 50. Calculate the remainder when 136 is divided by l.
31
Let t(j) = j**2 - 25*j + 85. Let g = -68 - -89. Suppose -3*q + 7 = -8. What is the remainder when q is divided by t(g)?
0
Suppose -3*n - 5 = -8, n = -q + 348. Let i = q + -333. What is the remainder when 164 is divided by i?
10
Let h(i) = -i**3 - 3*i**2 - 3*i - 8. Let t be h(-4). Suppose -t = 2*x - 7*x. Suppose -x*l + 40 = -108. What is the remainder when l is divided by 13?
11
Suppose 0 = -3*c - y + 64, 46 = 2*c + 388*y - 389*y. What is the remainder when 565 is divided by c?
15
Let x = 6395 + -6275. What is the remainder when 598 is divided by x?
118
Let c(a) = -32*a - 197. What is the remainder when 470 is divided by c(-8)?
57
Suppose -5*i = 4*t - 899, 5*t - 2*i - 1203 + 38 = 0. What is the remainder when t is divided by (-231)/(-5) - (-528)/660?
43
Let m(g) = 39*g - 1190. Calculate the remainder when m(35) is divided by 82.
11
Let u(a) be the first derivative of a**4/4 + 4*a**3/3 - a**2/2 + a - 5. What is the remainder when 38 is divided by u(-4)?
3
Suppose -4*s - 19 = -59. Let l be 2/s + (-4416)/(-120). Let o = 52 - l. Calculate the remainder when 56 is divided by o.
11
Suppose -787 = -2*h - 5*z, 5*z - 81 = h - 482. Suppose 61*r - 57*r = -h. What is the remainder when 130 is divided by 1/1*(-7)/(21/r)?
31
Let u(s) = 3*s**2 + 5*s + 4. What is the remainder when u(-5) is divided by (2 + 68/(-8) + 1)/((-19)/38)?
10
Suppose 0 = -8*n + 132 + 2164. Calculate the remainder when n is divided by 267.
20
Suppose 624 = 4*j + 192. Let x(d) = -23*d - 9. Let z(k) = -46*k - 18. Let p(c) = -9*x(c) + 4*z(c). What is the remainder when j is divided by p(2)?
53
Let v = -76 + -609. Let t = 704 + v. Calculate the remainder when t is divided by 11.
8
Let z be -3 - 30/(-45)*-1*6. Suppose 3*n + 2*y = 3 + 6, -4*n + 7 = y. What is the remainder when 31*n/1 - (-7)/z is divided by 11?
8
Suppose -6*z - 63 = -105. Suppose -z*c + 2590 = 3*c. Calculate the remainder when c is divided by 13.
12
Let r = 1 + 19. Suppose x - r = -0*x. Calculate the remainder when (-67 + 1150/20)/((-2)/8) is divided by x.
18
Let q(a) = -a**2 + 22*a + 154. Let g be q(-5). Suppose -2*j + 3*r = 22, 4*j + 28 = j + 2*r. Let p = j + g. Calculate the remainder when 43 is divided by p.
10
Let f = -6145 - -6181. Calculate the remainder when 897 is divided by f.
33
Let h(z) = -z - 35. Let p(w) = w + 69. Let r(s) = 5*h(s) + 3*p(s). Let k be r(16). Suppose -2*f - 3 + 7 = k. What is the remainder when 11 is divided by f?
1
Let l(q) = 52*q + 3600. What is the remainder when 299 is divided by l(-69)?
11
Let j = 15094 + -15087. Calculate the remainder when 1174 is divided by j.
5
Suppose 0 = -7*t + 3*t + 464. Let y = -47 - -36. What is the remainder when t is divided by -5*3*(y + 9)?
26
Suppose 1154 = 4*u - 3*l, -1156 = u - 5*u + 4*l. Suppose d + u = i + 3*i, -5*d = i - 98. What is the remainder when i is divided by 38/((-3 - -6) + -1)?
16
Suppose -44*d + 8520 = -74*d + 50*d. What is the remainder when d is divided by 84?
6
Calculate the remainder when -7 + 12 + -12*(243/(-6))/9 is divided by 17.
8
Suppose -g - 5*a = -26, -g = g + 3*a - 87. Let b be 2*(261/6 - -3). Let n = b + 59. Calculate the remainder when n is divided by g.
50
Let b = 113 + -213. Let v = 145 - b. Suppose 0 = 3*l + 9, -6*x - 3*l + v = -5*x. Calculate the remainder when x is divided by 32.
30
Suppose -2945 = -b - 15*b - 225. Calculate the remainder when b is divided by 29.
25
Let z = 777 - 447. Suppose 2*f - 7*f = -z. Let v(d) = d**2 - 354*d + 10036. Calculate the remainder when f is divided by v(31).
20
Suppose 114 - 129 = -u. Suppose -u*y + 12*y = -102. Calculate the remainder when y is divided by 3.
1
Let d be (6/(-2))/((-1)/29). Let v = 346 + -346. Suppose v = 2*q - 13 - d. What is the remainder when q is divided by 20?
10
Let b = -175 - -175. Let z(g) = g**3 - g**2 + 3*g + 270. What is the remainder when z(b) is divided by 55?
50
Let v = -32918 - -32957. Calculate the remainder when v is divided by 1*4*(-5)/(-4).
4
Let j be 0*(2 + 3/(2 + -3)). Suppose -g - 12*g - 13 = j. Calculate the remainder when ((-53)/5)/(g/5) is divided by 8.
5
Suppose -315 = 4*m + 3*m. Let z be (-9)/(m/10) + (1 - 3). Suppose 3*c + 2*w - 41 = -1, -c + 5*w - 15 = z. What is the remainder when 11 is divided by c?
1
Let a(d) = 9*d**3 + 20*d**2 - 3*d + 25. Calculate the remainder when a(3) is divided by 112.
103
Suppose -86*g + 80*g = 0. Suppose g = 2*q + 11*m - 6*m - 98, 2*q - 74 = m. What is the remainder when q is divided by 34?
5
Suppose 5*z + 748 = -4*n + 5174, -3541 = -4*z - 3*n. Calculate the remainder when z is divided by 29.
16
Suppose 118*b - 1011 = 121*b. Suppose 395 = -2*x - t, -x - 2*t - 120 - 85 = 0. Let a = x - b. What is the remainder when a is divided by 36?
34
Calculate the remainder when 262 + -136*(-7)/56 is divided by 78.
45
Let y(f) = 305*f + 5135. Suppose 7 + 49 = 4*k. What is the remainder when y(-14) is divided by k?
11
Let n be 1 - ((-8)/(-6))/((-8)/(-36)). Let k be 48/(-60)*n/(-2). Let a(i) = -39*i - 7. Calculate the remainder when a(k) is divided by 27.
17
Suppose -7*y + 27 + 15 = 0. Suppose -5*n = -3*z + 23, 6*n = z + 7*n - 5. Suppose -z = y*i - 192. Calculate the remainder when 121 is divided by i.
28
Suppose -270 = -6*v + 3*v. Suppose 15*s - 135*s + 5520 